 greatest common divisor of i and o?
14
Let n(g) = g**2 - 14*g - 38. Let k be n(17). What is the greatest common divisor of k and 39?
13
Let g(m) = 35*m**2 - 3*m - 2. Let w be g(-1). Suppose -5*z + 2 = -3*z. Let y be ((-18)/(-8))/(z/40). Calculate the highest common factor of w and y.
18
Let d(u) = -u + 2. Let n be d(0). Suppose -j + n*j - 2 = 0. What is the highest common divisor of 5 and j?
1
Let g be 0 + 6/9*3. Let q be -12*1*(-3)/g. What is the highest common divisor of 162 and q?
18
Let b = 27 + -6. Calculate the greatest common divisor of b and 189.
21
Let q(z) = 2*z**3 - 5*z**2 - z + 1. Let f be q(4). Let d(p) = 2*p**2 + 6*p - 2. Let w be d(-5). Calculate the highest common factor of f and w.
9
Suppose a = -4*a + 280. Calculate the highest common factor of a and 7.
7
Let v = 15 - 5. Let t = 69 + -19. What is the highest common divisor of v and t?
10
Let r = 11 + -6. Suppose 3*n + 15 = 0, -2*n - n + 45 = r*k. Suppose -2*m + k = -4. Calculate the highest common factor of m and 72.
8
Let c be (-1886)/(-18) - (280/36 - 8). Calculate the greatest common factor of c and 70.
35
Let h(c) = c + 14. Let g be h(-6). Calculate the greatest common factor of 56 and g.
8
Let d(m) = m**2 - m - 4. Let v be d(0). Let q = v - -5. Suppose -4*c + 29 = t, 2*t - c = -q + 14. What is the greatest common divisor of 27 and t?
9
Suppose 4*m = 3*d + 52, 0*d - 28 = -2*m + 2*d. Suppose 7*u - 2*u + 30 = 0. Let l be -4*3/u*55. Calculate the greatest common factor of l and m.
10
Let j(a) = a**2 - a**3 - a**3 + 3*a**3 - 2*a**3 + 3. Let c be j(0). Calculate the highest common factor of 12 and c.
3
Suppose 3*w + 4 = -14. Let p be 15*w/9*-1. Calculate the greatest common divisor of p and 50.
10
Let z = -26 + 33. Suppose 4*w - z - 37 = 0. Calculate the greatest common divisor of 77 and w.
11
Let t = -150 + 45. Let w be (28/(-3))/((-8)/12). Let g be ((-12)/5)/(w/t). Calculate the highest common factor of 6 and g.
6
Let m(f) = -f**3 + 4*f**2 + 6*f - 3. Let z be m(5). Suppose 77 = 5*j + z. Calculate the highest common factor of 165 and j.
15
Let q be (-4)/(12/(-365)) + 8/(-12). Calculate the greatest common factor of 11 and q.
11
Let k(t) = -t. Let b be k(-6). Calculate the highest common factor of b and 18.
6
Suppose 0 = -n + 4*v + 20, 0*v + 8 = -n - 3*v. Suppose -n*u = 2*a - 474, 3*a + 6 = -u + 117. What is the highest common factor of 15 and u?
15
Suppose -112 = 4*m - 8*m. What is the greatest common divisor of m and 252?
28
Let f(y) = -y**2 + 26*y + 10. Let g be f(20). Calculate the greatest common divisor of g and 26.
26
Suppose 0 = -g - 2*g + 12. Let y be 20/8 - 2/g. Suppose 0 = 5*b - 3*u - 80, 0*b + 4*u - 32 = -y*b. Calculate the highest common factor of 16 and b.
16
Let c = 15 + -4. Suppose -5*y = -c - 19. Calculate the highest common divisor of 15 and y.
3
Let a(s) = 17*s**2 + 2*s + 1. Let t be a(-1). Calculate the highest common divisor of 128 and t.
16
Suppose -16 = -i + 5*i. Let w = i + 5. Let n be w/((6/(-21))/(-2)). Calculate the highest common factor of 77 and n.
7
Let j(p) = -10*p + 9*p**2 - 3 - p**3 + 1 + 4*p. Let y be j(6). Suppose 4*b = 2*s - 32, 5*b = 2*s - 0*b - 35. Calculate the highest common divisor of y and s.
10
Let p(d) = -2 - 2*d**3 + 3*d**2 + 4 + 5*d + d**3. Suppose -4 - 2 = -3*r - 3*k, 12 = 4*r + 2*k. Let y be p(r). What is the greatest common divisor of 4 and y?
2
Suppose w - 5*w + 12 = 0. Suppose 0 = w*q - 74 - 10. Calculate the highest common factor of q and 7.
7
Let c = 29 - 26. Calculate the highest common factor of 33 and c.
3
Suppose -12*h + 9*h = -627. Calculate the highest common factor of h and 19.
19
Let c(j) = -j**3 - 7*j**2 - 8*j - 1. Let k be c(-6). Let n(l) = 2*l**2 - 7*l - 5. Let v be n(7). Calculate the greatest common divisor of v and k.
11
Let u(i) = 15*i - 11. Let o be u(8). Suppose 2*w + w - 5*p = o, 4*w + 2*p = 180. Let q = w + -5. Calculate the greatest common factor of q and 95.
19
Let n(y) = -8*y + 4. Let q(x) = x - 4. Let f be q(4). Suppose -12 = 2*c - f*c. Let s be n(c). Calculate the highest common factor of s and 13.
13
Suppose d = 20 + 10. Calculate the greatest common factor of d and 12.
6
Let z = -7 - -10. Suppose -3*d - z = -6. Let u be (-2)/(-7) + (-15)/(-21). Calculate the greatest common factor of d and u.
1
Let c(l) = -2*l**2 - 17*l + 5. Let w be c(-6). Let a be 2 + 6 + (3 - 6). Calculate the greatest common divisor of a and w.
5
Suppose -6*c + 150 = -138. Calculate the greatest common divisor of 12 and c.
12
Let f(d) = 2*d. Let r be f(8). Calculate the greatest common factor of 24 and r.
8
Suppose -v + 210 = 3*v + 2*l, 2*v = 3*l + 101. Calculate the highest common factor of v and 13.
13
Suppose -4*d = 4*t - 28, -5*d = -5*t + 5 - 0. Let p be 96/15 - 2/5. What is the greatest common divisor of d and p?
3
Let x(a) = -a**3 + 7*a**2 + 8*a - 2. Let d be x(8). Let n = d - -26. What is the highest common divisor of 8 and n?
8
Suppose -4 = -0*j - 2*j. Suppose 3*z + 5 + 7 = 0, -j*z - 448 = -4*c. Suppose 5*y = -3*q - 0*y + 30, 0 = 4*y. What is the greatest common factor of q and c?
10
Suppose 0 = -7*a + 510 + 1002. Suppose -5*g = 4*d - 35, 0 = 3*g + 3*d - 37 + 13. Let s be 2/(2/(g*8)). What is the highest common divisor of s and a?
24
Let l(o) = -122 + 0*o - 6*o + 124. Let z(u) = u - 4. Let x be z(0). Let t be l(x). Calculate the highest common factor of 26 and t.
26
Let q be ((-21)/(-9))/(5/135). What is the highest common factor of 7 and q?
7
Suppose 0 = -8*p + 5*p + 165. Let h = p - -17. What is the greatest common divisor of 9 and h?
9
Suppose 0*f = -f - d + 7, 2*d - 7 = -f. Suppose 4*j - 11 = -5*z, -j + z = -3*j + f. Suppose -j = x - 7. What is the greatest common divisor of 15 and x?
3
Let q(o) = 2*o + 21. Let d be q(10). Calculate the greatest common factor of d and 41.
41
Suppose 4*d + 29 = 5*c, -4*d + 0*d = 5*c - 21. Suppose -35 = -c*n + 45. Suppose -n - 40 = -4*z. Calculate the highest common divisor of 126 and z.
14
Suppose 44 = t + 3*t. Let o = -22 + t. Let x = o - -28. Calculate the greatest common factor of 85 and x.
17
Let u be (33/6 + -1)/(5/10). What is the greatest common factor of u and 1?
1
Suppose 3*f - 54 = 2*b - 0*f, -b - 37 = -4*f. Let z be 1/(-3) + (-385)/b. Calculate the highest common factor of z and 162.
18
Let p(t) = t**2 + 9*t + 4. Let j be p(-12). What is the greatest common factor of j and 8?
8
Let w = 30 + -25. Suppose h = 24 + 11. What is the highest common factor of w and h?
5
Let k(u) = -5*u**2 - 2*u + 1. Let x be k(-2). Let r = x - -16. Calculate the highest common factor of 8 and r.
1
Suppose -4*r + 45 = -t, -4*t - 3*r = 2*r + 201. Let u be (-476)/t + (-2)/(-7). Suppose 5*l - u = 5. What is the greatest common factor of l and 3?
3
Suppose 4*p = p + 6. Let b be (p - 2) + (-1 - -3). Suppose -b*l - 1 = -h, 5*l - 57 = -5*h + 23. What is the greatest common divisor of 44 and h?
11
Let q(h) = h**2 - 2*h - 8. Suppose 3*z + 40 = -2*z. Let s be q(z). Calculate the greatest common factor of 9 and s.
9
Let c(u) = 12*u - 2. Let j be c(2). Suppose 3*r = 8*r - 25. Let a(q) = q**3 - 4*q**2 + q + 3. Let z be a(r). What is the highest common factor of j and z?
11
Suppose 0 = 3*n - 22 - 5. Let j be (-1)/(-2)*2 + 8. Calculate the highest common factor of n and j.
9
Suppose 0 = 2*j - 70 + 366. Let m = -92 - j. Suppose k + m = 3*k. What is the highest common factor of 7 and k?
7
Let w(k) = k**3 + 7*k**2 - 7*k + 10. Let l be w(-8). Suppose l*g + 53 = m + 5, -2*g = -2*m + 98. What is the highest common factor of 10 and m?
10
Let k be (12/8)/(3/4). Suppose 5*m = 5*j - 85, k*j = 2*m + 3*m + 37. What is the highest common factor of 64 and j?
16
Let t be 198/6 + (2 - -1). Let y be 24/(-9)*t/(-8). What is the greatest common divisor of 60 and y?
12
Suppose -5*y = -3*n + 32, -8 = -2*n + 5*n + 5*y. Suppose -24 = -n*u - 0*u. Let w be (0 - -10)/2 - (-20 + 23). What is the highest common divisor of w and u?
2
Let a = 157 + -137. Suppose 2*v - 1 = 3. What is the greatest common factor of a and v?
2
Let r be ((-12)/(-10))/((-8)/(-60)). Suppose -2*t + r = t. Let b be (t/9)/((-1)/(-6)). Calculate the highest common factor of 14 and b.
2
Let z be (-6732)/(-154) - (-4)/14. Calculate the highest common factor of 308 and z.
44
Suppose -y = -3*y + 340. Calculate the highest common factor of y and 34.
34
Let i(x) = 5*x**